at is 1 - 10011?
-10010
In base 14, what is -731 - -5?
-72a
In base 13, what is -5 + -420?
-425
In base 16, what is -a9 - -5?
-a4
In base 13, what is -168 + 1?
-167
In base 6, what is -2123 - 2?
-2125
In base 3, what is -12 + 1212020?
1212001
In base 2, what is -10111 + 11100?
101
In base 8, what is 10012 - -4?
10016
In base 3, what is -20100011 - -12?
-20022222
In base 4, what is 32 + 1233?
1331
In base 9, what is 12 - 113?
-101
In base 8, what is -2 + -5044?
-5046
In base 12, what is -37 + 2?
-35
In base 3, what is -221 + -2?
-1000
In base 4, what is -103123 + 0?
-103123
In base 13, what is -c9 + -1?
-ca
In base 5, what is -10 + 142?
132
In base 13, what is -3 - 72?
-75
In base 12, what is -2 - 16?
-18
In base 14, what is -25 + 0?
-25
In base 6, what is -234544 - -4?
-234540
In base 9, what is 561 + -1?
560
In base 4, what is -123 + 303?
120
In base 2, what is 110 + -1100010001000?
-1100010000010
In base 16, what is 3 - ce?
-cb
In base 5, what is -310 - -24?
-231
In base 8, what is 52 + 12?
64
In base 4, what is 0 + -132?
-132
In base 8, what is -7 - -31?
22
In base 8, what is -665 - -4?
-661
In base 13, what is -2c64 - -4?
-2c60
In base 7, what is 1536 + 5?
1544
In base 8, what is 506 - -121?
627
In base 14, what is -3 - 4?
-7
In base 2, what is 100 - 1001010111?
-1001010011
In base 15, what is 6c47 + 5?
6c4c
In base 6, what is -1053 + -1?
-1054
In base 6, what is -5300 + 1?
-5255
In base 13, what is 4 + -23?
-1c
In base 14, what is -88 + d?
-79
In base 7, what is 20 - 310?
-260
In base 5, what is -11 + -122?
-133
In base 8, what is 4 + -154?
-150
In base 15, what is 5 - -86?
8b
In base 12, what is 3 - -180?
183
In base 15, what is 4 - 5d?
-59
In base 7, what is -41 - 116?
-160
In base 14, what is 40 + 6?
46
In base 14, what is 0 - 86?
-86
In base 5, what is 3214 - 31?
3133
In base 3, what is -10101 + -111?
-10212
In base 6, what is -2 - 223?
-225
In base 13, what is -308 - 5?
-310
In base 10, what is 858 - -1?
859
In base 8, what is -13111 + -1?
-13112
In base 2, what is 10000000 - 1011?
1110101
In base 12, what is -561 - 3?
-564
In base 3, what is 12 - 1201101?
-1201012
In base 13, what is -2 - 273?
-275
In base 4, what is 10203023 + -2?
10203021
In base 6, what is 1 - -102?
103
In base 10, what is -77 + -1?
-78
In base 7, what is -14 + -140?
-154
In base 13, what is -c0 + -3a?
-12a
In base 16, what is -45 + d?
-38
In base 11, what is 38 + 0?
38
In base 2, what is 10011001100011 - 10?
10011001100001
In base 16, what is -220 - 0?
-220
In base 15, what is -506 - 7?
-50d
In base 4, what is 1131 + 3?
1200
In base 9, what is -636 + 2?
-634
In base 3, what is 11120220 - -1?
11120221
In base 4, what is -23 + -113?
-202
In base 10, what is 182 - -16?
198
In base 8, what is -1 + 447?
446
In base 7, what is -51 - -30?
-21
In base 4, what is -3 - -2322?
2313
In base 11, what is -30 + 113?
93
In base 16, what is -5 - ff?
-104
In base 10, what is 263 + 41?
304
In base 15, what is 52d - -5?
533
In base 4, what is 123220 - 1?
123213
In base 12, what is -4 - 3a98?
-3aa0
In base 8, what is 577 + -1?
576
In base 12, what is -5 - -294?
28b
In base 11, what is 249 + 2?
250
In base 10, what is 6 - 16?
-10
In base 15, what is -21d - 5?
-223
In base 14, what is -3c - 12?
-50
In base 9, what is -75 - 3?
-78
In base 5, what is 103003 + -4?
102444
In base 12, what is 205 - -4?
209
In base 3, what is 221 + -2010?
-1012
In base 11, what is -75 + -5?
-7a
In base 2, what is 1111 - 1100000?
-1010001
In base 12, what is -304 - 5?
-309
In base 11, what is -4 - 472?
-476
In base 13, what is -8 + 1c2?
1b7
In base 8, what is 7 - 37?
-30
In base 10, what is 2816 + 3?
2819
In base 3, what is -1110 - -10?
-1100
In base 2, what is 101011000 - -10?
101011010
In base 7, what is -52 - -12?
-40
In base 10, what is 2 + 291?
293
In base 9, what is -5 - -1211?
1205
In base 12, what is 602 + -4?
5ba
In base 11, what is -8 - -36?
29
In base 4, what is -31221 + -11?
-31232
In base 2, what is 101 + 1100001?
1100110
In base 11, what is -4 - 30?
-34
In base 8, what is 113 - -6?
121
In base 6, what is 5 + -35?
-30
In base 11, what is -15 + -5?
-1a
In base 12, what is -3 - 36?
-39
In base 14, what is -5 + -50?
-55
In base 2, what is -1111100 + -10?
-1111110
In base 10, what is -3 + 9?
6
In base 6, what is -4 + -535?
-543
In base 11, what is 56 + -1?
55
In base 4, what is -103 + -3?
-112
In base 8, what is 1 + -122?
-121
In base 6, what is 323 + 0?
323
In base 15, what is -4 - de7?
-deb
In base 7, what is -4 + 1104?
1100
In base 4, what is -3 - 31?
-100
In base 4, what is -21 - -11300?
11213
In base 9, what is -5 - 750?
-755
In base 4, what is 21201 + 1?
21202
In base 6, what is 1 + -402?
-401
In base 7, what is -12 - 156?
-201
In base 2, what is 111011 - -10011?
1001110
In base 2, what is 11001 - -101100111?
110000000
In base 8, what is -145510 - 5?
-145515
In base 9, what is -5 - 4286?
-4302
In base 2, what is -11000 + 10110?
-10
In base 9, what is 3 + 558?
562
In base 14, what is bb2 + -5?
bab
In base 16, what is a20 - -2?
a22
In base 9, what is 4 - -1185?
1200
In base 8, what is -5 - 17?
-24
In base 2, what is -11 - -11011001?
11010110
In base 14, what is 2b + 2?
2d
In base 14, what is -639 + 0?
-639
In base 7, what is -16 - -536?
520
In base 16, what is 3 + 46?
49
In base 3, what is -12 - -2120?
2101
In base 9, what is -3 + 2050?
2046
In base 11, what is 16 + 3?
19
In base 4, what is 11 + 23?
100
In base 7, what is 1113 - -2?
1115
In base 15, what is e80 + -3?
e7c
In base 16, what is 3333 + 3?
3336
In base 14, what is -3 - -36d?
36a
In base 12, what is 242 - -3?
245
In base 3, what is 1 + -211?
-210
In base 2, what is -11 + 1100101100?
1100101001
In base 14, what is -4 + 61?
5b
In base 5, what is 0 - 111?
-111
In base 4, what is 32231 + -32?
32133
In base 9, what is -3 - -261?
257
In base 7, what is -13562 + 5?
-13554
In base 12, what is 4 + 17?
1b
In base 14, what is -9 - -10c?
103
In base 15, what is -1d + -8?
-26
In base 16, what is 13 - -5?
18
In base 14, what is 3c76 + -5?
3c71
In base 2, what is 10001001 - -1110?
10010111
In base 4, what is -22020 - 11?
-22031
In base 14, what is -25a - -2?
-258
In base 6, what is -4430 + -1?
-4431
In base 14, what is -94 + -c?
-a2
In base 12, what is 4 + 2049?
2051
In base 5, what is -33444 + -4?
-34003
In base 2, what is 1001 + -10011111?
-10010110
In base 7, what is 1064 + 11?
1105
In base 14, what is 18 + -3?
15
In base 15, what is 2 - 50e?
-50c
In base 12, what is 280 + 3?
283
In base 16, what is 19 - -17?
30
In base 4, what is -2030 - -10?
-2020
In base 3, what is -2010 - 1?
-2011
In base 5, what is -114013 + -3?
-114021
In base 2, what is 11 + -10010011001?
-10010010110
In base 2, what is -100 + 110111?
110011
In base 14, what is -905 - -2?
-903
In base 9, what is -240 - 120?
-360
In base 6, what is -3 + -11?
-14
In base 15, what is -3 - -7?
4
In base 6, what is 5 + 540?
545
In base 4, what is 2330 - -101?
3031
In base 9, what is -5 + 170?
164
In base 7, what is -1405 - -1?
-1404
In base 14, what is -1 + c7?
c6
In base 9, what is -263 - 0?
-263
In base 10, what is -110 + 188?
78
In base 7, what is 1136 - 5?
1131
In base 12, what is -9 - -4bb?
4b2
In base 9, what is 153 + 148?
312
In base 2, what is 0 - -101110?
101110
In base 15, what is b8 + -1?
b7
In base 6, what is -10 + -24?
-34
In base 5, what is -4 + -240?
-244
In base 6, what is 11 + -2252?
-2241
In base 10, what is 4 + 83?
87
In base 10, what is -862 + 5?
-857
In base 10, what is 2 - -667?
669
In base 7, what is 14131 - 2?
14126
In base 11, what is -7 - 1?
-8
In base 9, what is -206 - 3?
-210
In base 12, what is 345 + -3?
342
In base 16, what is c0 + -4?
bc
In base 16, what is -3d + b?
-32
In base 3, what is -20 + 12?
-1
In base 10, what is -4 - -27?
23
In base 4, what is -10 - -1302?
1232
In base 10, what is -51 - 50?
-101
In base 13, what is -5 - -18?
13
In base 2, what is -1000 - -10001000110?
10000111110
In base 16, what is -17b0 - 1?
-17b1
In base 14, what is 24d1 + 0?
24d1
In base 5, what is -3 - -243?
240
In base 6, what is -5 - 513?
-522
In base 12, what is 536 + 1?
537
In base 4, what is -3 + 3220?
3211
In base 8, what is 1 + 5660?
5661
In base 8, what is 3 - 114?
-111
In base 6, what is -323 - 20?
-343
In base 9, what is 5 + -15?
-10
In base 16, what is -65 + 85?
20
In 